{"id":337,"date":"2014-02-02T12:09:46","date_gmt":"2014-02-02T12:09:46","guid":{"rendered":"http:\/\/zele-apartments.com\/?page_id=337"},"modified":"2014-04-13T16:07:13","modified_gmt":"2014-04-13T16:07:13","slug":"omis-cetina-river","status":"publish","type":"page","link":"https:\/\/zele-apartments.com\/?page_id=337","title":{"rendered":"Cetina river"},"content":{"rendered":"<h1>Cetina river<\/h1>\n<div id='gallery-1' class='gallery galleryid-337 gallery-columns-3 gallery-size-thumbnail'><figure class='gallery-item'>\n\t\t\t<div class='gallery-icon landscape'>\n\t\t\t\t<a rel='attachment' href='https:\/\/zele-apartments.com\/wp\/wp-content\/uploads\/2014\/02\/sidebar_cetinaizvoraccommodationcroatia.jpg'><img loading=\"lazy\" decoding=\"async\" width=\"150\" height=\"150\" src=\"https:\/\/zele-apartments.com\/wp\/wp-content\/uploads\/2014\/02\/sidebar_cetinaizvoraccommodationcroatia-150x150.jpg\" class=\"attachment-thumbnail size-thumbnail\" alt=\"\" \/><\/a>\n\t\t\t<\/div><\/figure><figure class='gallery-item'>\n\t\t\t<div class='gallery-icon landscape'>\n\t\t\t\t<a rel='attachment' href='https:\/\/zele-apartments.com\/wp\/wp-content\/uploads\/2014\/02\/sidebar_rafting21.jpeg'><img loading=\"lazy\" decoding=\"async\" width=\"150\" height=\"150\" src=\"https:\/\/zele-apartments.com\/wp\/wp-content\/uploads\/2014\/02\/sidebar_rafting21-150x150.jpeg\" class=\"attachment-thumbnail size-thumbnail\" alt=\"\" \/><\/a>\n\t\t\t<\/div><\/figure><figure class='gallery-item'>\n\t\t\t<div class='gallery-icon landscape'>\n\t\t\t\t<a rel='attachment' href='https:\/\/zele-apartments.com\/wp\/wp-content\/uploads\/2014\/02\/sidebar_rafting14.jpeg'><img loading=\"lazy\" decoding=\"async\" width=\"150\" height=\"150\" src=\"https:\/\/zele-apartments.com\/wp\/wp-content\/uploads\/2014\/02\/sidebar_rafting14-150x150.jpeg\" class=\"attachment-thumbnail size-thumbnail\" alt=\"\" \/><\/a>\n\t\t\t<\/div><\/figure><figure class='gallery-item'>\n\t\t\t<div class='gallery-icon landscape'>\n\t\t\t\t<a rel='attachment' href='https:\/\/zele-apartments.com\/wp\/wp-content\/uploads\/2014\/02\/sidebar_raftingomiccroatia.jpg'><img loading=\"lazy\" decoding=\"async\" width=\"150\" height=\"150\" src=\"https:\/\/zele-apartments.com\/wp\/wp-content\/uploads\/2014\/02\/sidebar_raftingomiccroatia-150x150.jpg\" class=\"attachment-thumbnail size-thumbnail\" alt=\"\" \/><\/a>\n\t\t\t<\/div><\/figure><figure class='gallery-item'>\n\t\t\t<div class='gallery-icon landscape'>\n\t\t\t\t<a rel='attachment' href='https:\/\/zele-apartments.com\/wp\/wp-content\/uploads\/2014\/02\/sidebar_raftingomiscroatiasplit.jpg'><img loading=\"lazy\" decoding=\"async\" width=\"150\" height=\"150\" src=\"https:\/\/zele-apartments.com\/wp\/wp-content\/uploads\/2014\/02\/sidebar_raftingomiscroatiasplit-150x150.jpg\" class=\"attachment-thumbnail size-thumbnail\" alt=\"\" \/><\/a>\n\t\t\t<\/div><\/figure>\n\t\t<\/div>\n\n<p style=\"text-align: justify;\">Cetina is a river that belongs to the Adriatic basin and it is situated in Split-Dalmatia County. Its length is 105 km and flows into the Adriatic Sea near the town of Omis.<br \/>\nCetina springs at an altitude of 385 its northwestern slopes of Dinara, near the village of Cetina, 7 km north of Vrlika, according to which the river was named. The source of Cetina is the \u00a0lake over a hundred feet deep and 15 km long.<br \/>\nThe Peru\u0107a lake is an artificially created lake by a dam on the Cetina river 25 km downstream. After the lake, the river flows southward through karst areas, fields and canions, to the sea.<br \/>\nThe lower part of the river Cetina is due to the relatively large height differences\u00a0 used for the construction of several major hydro-power plants (Peru\u0107a, Orlovac, \u0110ale, Zaku\u010dac \u00a0and Kraljevac hydro power plants).<\/p>\n<p style=\"text-align: justify;\"><strong>RAFTING ON THE CETINA RIVER<\/strong><\/p>\n<p style=\"text-align: justify;\">Rafting is a sport usually taking place on rivers, where a group of people (between 4 and 10) flows in a rubber boat down a series of river rapids, with the aim of adventure and companionship. Rafting \u00a0belongs to a group of extreme sports and mainly is used for recreation, but sometimes for competitions<br \/>\nRafting boats are made of extremely resistant multilayer rubber and have several separate air chambers. The length of the boat for rafting is between 3 and 6 meters.<br \/>\nEach passenger in a rafter is equipped with a paddle, floating vest and protective helmet. Precise instructions are given to beginners who must be strictly observed during the rafting.<br \/>\nRafting is divided into six classes according to the difficulty of flowing.<\/p>\n","protected":false},"excerpt":{"rendered":"<p>Cetina river Cetina is a river that belongs to the Adriatic basin and it is situated in Split-Dalmatia County. Its length is 105 km and flows into the Adriatic Sea near the town of Omis. Cetina springs at an altitude of 385 its northwestern slopes of Dinara, near the village &#8230;<\/p>\n","protected":false},"author":1,"featured_media":0,"parent":0,"menu_order":0,"comment_status":"closed","ping_status":"closed","template":"","meta":{"footnotes":""},"class_list":["post-337","page","type-page","status-publish","hentry","column","onecol"],"_links":{"self":[{"href":"https:\/\/zele-apartments.com\/index.php?rest_route=\/wp\/v2\/pages\/337","targetHints":{"allow":["GET"]}}],"collection":[{"href":"https:\/\/zele-apartments.com\/index.php?rest_route=\/wp\/v2\/pages"}],"about":[{"href":"https:\/\/zele-apartments.com\/index.php?rest_route=\/wp\/v2\/types\/page"}],"author":[{"embeddable":true,"href":"https:\/\/zele-apartments.com\/index.php?rest_route=\/wp\/v2\/users\/1"}],"replies":[{"embeddable":true,"href":"https:\/\/zele-apartments.com\/index.php?rest_route=%2Fwp%2Fv2%2Fcomments&post=337"}],"version-history":[{"count":11,"href":"https:\/\/zele-apartments.com\/index.php?rest_route=\/wp\/v2\/pages\/337\/revisions"}],"predecessor-version":[{"id":681,"href":"https:\/\/zele-apartments.com\/index.php?rest_route=\/wp\/v2\/pages\/337\/revisions\/681"}],"wp:attachment":[{"href":"https:\/\/zele-apartments.com\/index.php?rest_route=%2Fwp%2Fv2%2Fmedia&parent=337"}],"curies":[{"name":"wp","href":"https:\/\/api.w.org\/{rel}","templated":true}]}}